{"id":5704,"date":"2025-05-30T21:40:38","date_gmt":"2025-05-31T00:40:38","guid":{"rendered":"https:\/\/vohnabrindes.com.br\/?post_type=product&#038;p=5704"},"modified":"2025-05-30T21:40:40","modified_gmt":"2025-05-31T00:40:40","slug":"caneta-metal-com-iluminacao-no-clipe-personalizado","status":"publish","type":"product","link":"https:\/\/vohnabrindes.com.br\/index.php\/product\/caneta-metal-com-iluminacao-no-clipe-personalizado\/","title":{"rendered":"Caneta metal com ilumina\u00e7\u00e3o no clipe personalizado."},"content":{"rendered":"<div class=\"ref\">91785-VALERIUS.<\/div>\n<div class=\"ref\">Caneta Esferogr\u00e1fica em alum\u00ednio 94% reciclado com ilumina\u00e7\u00e3o no clipe<\/div>\n<div class=\"texto\">Esferogr\u00e1fica em alum\u00ednio 94% reciclado e escrita em azul.<\/div>\n<div class=\"texto\">Quando personalizado no clipe permite que ao ser rodado ilumine o seu logotipo ou personaliza\u00e7\u00e3o.<\/div>\n<div class=\"texto\">Fornecida em embalagem\u00a0 de oferta. \u00f812 x 140 mm<\/div>\n","protected":false},"excerpt":{"rendered":"<p>91785-VALERIUS. Caneta Esferogr\u00e1fica em alum\u00ednio 94% reciclado com ilumina\u00e7\u00e3o no clipe Esferogr\u00e1fica em alum\u00ednio 94% reciclado e escrita em azul. Quando personalizado no clipe permite que<span class=\"excerpt-hellip\"> [\u2026]<\/span><\/p>\n","protected":false},"featured_media":0,"comment_status":"open","ping_status":"closed","template":"","meta":[],"product_cat":[530,383],"product_tag":[531,1139,1143],"class_list":["post-5704","product","type-product","status-publish","hentry","product_cat-canetas-de-metal","product_cat-canetas-eco","product_tag-caneta-metal","product_tag-caneta-metal-amiga-do-meio-ambiente-personalizada","product_tag-caneta-metal-com-iluminacao-no-clipe-personalizado"],"_links":{"self":[{"href":"https:\/\/vohnabrindes.com.br\/index.php\/wp-json\/wp\/v2\/product\/5704","targetHints":{"allow":["GET"]}}],"collection":[{"href":"https:\/\/vohnabrindes.com.br\/index.php\/wp-json\/wp\/v2\/product"}],"about":[{"href":"https:\/\/vohnabrindes.com.br\/index.php\/wp-json\/wp\/v2\/types\/product"}],"replies":[{"embeddable":true,"href":"https:\/\/vohnabrindes.com.br\/index.php\/wp-json\/wp\/v2\/comments?post=5704"}],"version-history":[{"count":1,"href":"https:\/\/vohnabrindes.com.br\/index.php\/wp-json\/wp\/v2\/product\/5704\/revisions"}],"predecessor-version":[{"id":5734,"href":"https:\/\/vohnabrindes.com.br\/index.php\/wp-json\/wp\/v2\/product\/5704\/revisions\/5734"}],"wp:attachment":[{"href":"https:\/\/vohnabrindes.com.br\/index.php\/wp-json\/wp\/v2\/media?parent=5704"}],"wp:term":[{"taxonomy":"product_cat","embeddable":true,"href":"https:\/\/vohnabrindes.com.br\/index.php\/wp-json\/wp\/v2\/product_cat?post=5704"},{"taxonomy":"product_tag","embeddable":true,"href":"https:\/\/vohnabrindes.com.br\/index.php\/wp-json\/wp\/v2\/product_tag?post=5704"}],"curies":[{"name":"wp","href":"https:\/\/api.w.org\/{rel}","templated":true}]}}