{"id":5736,"date":"2025-05-30T21:40:41","date_gmt":"2025-05-31T00:40:41","guid":{"rendered":"https:\/\/vohnabrindes.com.br\/?post_type=product&#038;p=5736"},"modified":"2025-05-30T21:40:42","modified_gmt":"2025-05-31T00:40:42","slug":"caneta-metal-personalizada-5","status":"publish","type":"product","link":"https:\/\/vohnabrindes.com.br\/index.php\/product\/caneta-metal-personalizada-5\/","title":{"rendered":"Caneta metal personalizada."},"content":{"rendered":"<div class=\"ref\">91793-ANTON.<\/div>\n<div class=\"ref\">Caneta Esferogr\u00e1fica com corpo em alum\u00ednio 100% reciclado com ponteira em bambu<\/div>\n<div class=\"texto\">Esferogr\u00e1fica com corpo em alum\u00ednio 100% reciclado, topo em 100% rPET, bot\u00e3o em bambu e clipe de metal. Escrita em azul.<\/div>\n<div class=\"texto\">A cor e o resultado da impress\u00e3o nos materiais naturais pode variar entre produtos.<\/div>\n<div class=\"texto\">\u00f810 x 140 mm<\/div>\n","protected":false},"excerpt":{"rendered":"<p>91793-ANTON. Caneta Esferogr\u00e1fica com corpo em alum\u00ednio 100% reciclado com ponteira em bambu Esferogr\u00e1fica com corpo em alum\u00ednio 100% reciclado, topo em 100% rPET, bot\u00e3o em<span class=\"excerpt-hellip\"> [\u2026]<\/span><\/p>\n","protected":false},"featured_media":3399,"comment_status":"open","ping_status":"closed","template":"","meta":[],"product_cat":[530,383],"product_tag":[536,532],"class_list":["post-5736","product","type-product","status-publish","has-post-thumbnail","hentry","product_cat-canetas-de-metal","product_cat-canetas-eco","product_tag-caneta-amiga-do-meio-ambiente","product_tag-caneta-metal-personalizada"],"_links":{"self":[{"href":"https:\/\/vohnabrindes.com.br\/index.php\/wp-json\/wp\/v2\/product\/5736","targetHints":{"allow":["GET"]}}],"collection":[{"href":"https:\/\/vohnabrindes.com.br\/index.php\/wp-json\/wp\/v2\/product"}],"about":[{"href":"https:\/\/vohnabrindes.com.br\/index.php\/wp-json\/wp\/v2\/types\/product"}],"replies":[{"embeddable":true,"href":"https:\/\/vohnabrindes.com.br\/index.php\/wp-json\/wp\/v2\/comments?post=5736"}],"version-history":[{"count":1,"href":"https:\/\/vohnabrindes.com.br\/index.php\/wp-json\/wp\/v2\/product\/5736\/revisions"}],"predecessor-version":[{"id":5766,"href":"https:\/\/vohnabrindes.com.br\/index.php\/wp-json\/wp\/v2\/product\/5736\/revisions\/5766"}],"wp:featuredmedia":[{"embeddable":true,"href":"https:\/\/vohnabrindes.com.br\/index.php\/wp-json\/wp\/v2\/media\/3399"}],"wp:attachment":[{"href":"https:\/\/vohnabrindes.com.br\/index.php\/wp-json\/wp\/v2\/media?parent=5736"}],"wp:term":[{"taxonomy":"product_cat","embeddable":true,"href":"https:\/\/vohnabrindes.com.br\/index.php\/wp-json\/wp\/v2\/product_cat?post=5736"},{"taxonomy":"product_tag","embeddable":true,"href":"https:\/\/vohnabrindes.com.br\/index.php\/wp-json\/wp\/v2\/product_tag?post=5736"}],"curies":[{"name":"wp","href":"https:\/\/api.w.org\/{rel}","templated":true}]}}