{"id":5765,"date":"2025-05-30T21:40:42","date_gmt":"2025-05-31T00:40:42","guid":{"rendered":"https:\/\/vohnabrindes.com.br\/?post_type=product&#038;p=5765"},"modified":"2025-05-30T21:40:45","modified_gmt":"2025-05-31T00:40:45","slug":"mochila-premium-personalizada-3","status":"publish","type":"product","link":"https:\/\/vohnabrindes.com.br\/index.php\/product\/mochila-premium-personalizada-3\/","title":{"rendered":"Mochila Premium personalizada."},"content":{"rendered":"<h6 class=\"mb-3\">Mochila Premium personalizada.<\/h6>\n<div class=\"d-block\">\n<div>\n<p>Mochila Premium\u00a0para\u00a0notebook em tecido poli\u00e9ster.<\/p>\n<p>Parte Externa:<br \/>\nAl\u00e7a de m\u00e3o<br \/>\n2 bolsos frontais, dois bolsos laterais.<br \/>\nSa\u00edda para fone de ouvido e USB.<br \/>\nEngate para peitoral, ideal para corridas ou caminhadas com a mochila.<\/p>\n<p>Parte Interna:<br \/>\nCompartimento acolchoado p\/ notebook.<br \/>\nCompartimento acolchoado para tablet.<br \/>\nDivis\u00f3rias internas<\/p>\n<p>Tamanho total do Notebook &#8211; 15.6&#8243;<\/p>\n<h3 class=\"mb-3\">MC590<\/h3>\n<\/div>\n<\/div>\n","protected":false},"excerpt":{"rendered":"<p>Mochila Premium personalizada. Mochila Premium\u00a0para\u00a0notebook em tecido poli\u00e9ster. Parte Externa: Al\u00e7a de m\u00e3o 2 bolsos frontais, dois bolsos laterais. Sa\u00edda para fone de ouvido e USB.<span class=\"excerpt-hellip\"> [\u2026]<\/span><\/p>\n","protected":false},"featured_media":3517,"comment_status":"open","ping_status":"closed","template":"","meta":[],"product_cat":[171],"product_tag":[181,302],"class_list":["post-5765","product","type-product","status-publish","has-post-thumbnail","hentry","product_cat-mochilas-e-malas","product_tag-mochila-personalizada","product_tag-mochila-premium"],"_links":{"self":[{"href":"https:\/\/vohnabrindes.com.br\/index.php\/wp-json\/wp\/v2\/product\/5765","targetHints":{"allow":["GET"]}}],"collection":[{"href":"https:\/\/vohnabrindes.com.br\/index.php\/wp-json\/wp\/v2\/product"}],"about":[{"href":"https:\/\/vohnabrindes.com.br\/index.php\/wp-json\/wp\/v2\/types\/product"}],"replies":[{"embeddable":true,"href":"https:\/\/vohnabrindes.com.br\/index.php\/wp-json\/wp\/v2\/comments?post=5765"}],"version-history":[{"count":1,"href":"https:\/\/vohnabrindes.com.br\/index.php\/wp-json\/wp\/v2\/product\/5765\/revisions"}],"predecessor-version":[{"id":5795,"href":"https:\/\/vohnabrindes.com.br\/index.php\/wp-json\/wp\/v2\/product\/5765\/revisions\/5795"}],"wp:featuredmedia":[{"embeddable":true,"href":"https:\/\/vohnabrindes.com.br\/index.php\/wp-json\/wp\/v2\/media\/3517"}],"wp:attachment":[{"href":"https:\/\/vohnabrindes.com.br\/index.php\/wp-json\/wp\/v2\/media?parent=5765"}],"wp:term":[{"taxonomy":"product_cat","embeddable":true,"href":"https:\/\/vohnabrindes.com.br\/index.php\/wp-json\/wp\/v2\/product_cat?post=5765"},{"taxonomy":"product_tag","embeddable":true,"href":"https:\/\/vohnabrindes.com.br\/index.php\/wp-json\/wp\/v2\/product_tag?post=5765"}],"curies":[{"name":"wp","href":"https:\/\/api.w.org\/{rel}","templated":true}]}}