{"id":5805,"date":"2025-05-30T21:40:46","date_gmt":"2025-05-31T00:40:46","guid":{"rendered":"https:\/\/vohnabrindes.com.br\/?post_type=product&#038;p=5805"},"modified":"2025-05-30T21:40:48","modified_gmt":"2025-05-31T00:40:48","slug":"squeeze-termico-em-aco-inox-540-ml-personalizado","status":"publish","type":"product","link":"https:\/\/vohnabrindes.com.br\/index.php\/product\/squeeze-termico-em-aco-inox-540-ml-personalizado\/","title":{"rendered":"Squeeze t\u00e9rmico em a\u00e7o inox 540 mL personalizado."},"content":{"rendered":"<pre class=\"ref\">94771-SHOW SATIN. \r\nSqueeze t\u00e9rmico em a\u00e7o inox 540 mL personalizado.<\/pre>\n<div class=\"texto\">Garrafa em a\u00e7o inox de parede dupla t\u00e9rmica, isolada a v\u00e1cuo, com tampa em a\u00e7o inox. Capacidade at\u00e9 540 mL. Preserva as bebidas quentes por 8h e frias por 24h. Fornecido em caixa presente. Certifica\u00e7\u00e3o EU Food Grade. \u00f871 x 255 mm<\/div>\n","protected":false},"excerpt":{"rendered":"<p>94771-SHOW SATIN. Squeeze t\u00e9rmico em a\u00e7o inox 540 mL personalizado. Garrafa em a\u00e7o inox de parede dupla t\u00e9rmica, isolada a v\u00e1cuo, com tampa em a\u00e7o inox.<span class=\"excerpt-hellip\"> [\u2026]<\/span><\/p>\n","protected":false},"featured_media":3546,"comment_status":"open","ping_status":"closed","template":"","meta":[],"product_cat":[132],"product_tag":[1182,1183],"class_list":["post-5805","product","type-product","status-publish","has-post-thumbnail","hentry","product_cat-garrafas-termicas-e-kits","product_tag-squeeze-termico-em-aco-inox-540-ml-personalizado","product_tag-squeeze-termico-personalizado"],"_links":{"self":[{"href":"https:\/\/vohnabrindes.com.br\/index.php\/wp-json\/wp\/v2\/product\/5805","targetHints":{"allow":["GET"]}}],"collection":[{"href":"https:\/\/vohnabrindes.com.br\/index.php\/wp-json\/wp\/v2\/product"}],"about":[{"href":"https:\/\/vohnabrindes.com.br\/index.php\/wp-json\/wp\/v2\/types\/product"}],"replies":[{"embeddable":true,"href":"https:\/\/vohnabrindes.com.br\/index.php\/wp-json\/wp\/v2\/comments?post=5805"}],"version-history":[{"count":1,"href":"https:\/\/vohnabrindes.com.br\/index.php\/wp-json\/wp\/v2\/product\/5805\/revisions"}],"predecessor-version":[{"id":5835,"href":"https:\/\/vohnabrindes.com.br\/index.php\/wp-json\/wp\/v2\/product\/5805\/revisions\/5835"}],"wp:featuredmedia":[{"embeddable":true,"href":"https:\/\/vohnabrindes.com.br\/index.php\/wp-json\/wp\/v2\/media\/3546"}],"wp:attachment":[{"href":"https:\/\/vohnabrindes.com.br\/index.php\/wp-json\/wp\/v2\/media?parent=5805"}],"wp:term":[{"taxonomy":"product_cat","embeddable":true,"href":"https:\/\/vohnabrindes.com.br\/index.php\/wp-json\/wp\/v2\/product_cat?post=5805"},{"taxonomy":"product_tag","embeddable":true,"href":"https:\/\/vohnabrindes.com.br\/index.php\/wp-json\/wp\/v2\/product_tag?post=5805"}],"curies":[{"name":"wp","href":"https:\/\/api.w.org\/{rel}","templated":true}]}}