{"id":5811,"date":"2025-05-30T21:40:46","date_gmt":"2025-05-31T00:40:46","guid":{"rendered":"https:\/\/vohnabrindes.com.br\/?post_type=product&#038;p=5811"},"modified":"2025-05-30T21:40:48","modified_gmt":"2025-05-31T00:40:48","slug":"relogio-inteligente-personalizado","status":"publish","type":"product","link":"https:\/\/vohnabrindes.com.br\/index.php\/product\/relogio-inteligente-personalizado\/","title":{"rendered":"Rel\u00f3gio inteligente personalizado."},"content":{"rendered":"<div class=\"ref\">97136-WILES.<\/div>\n<div><\/div>\n<div class=\"ref\">Rel\u00f3gio inteligente personalizado.<\/div>\n<div class=\"texto\">Rel\u00f3gio inteligente com tela IPS de 1.85 polegadas com bracelete em silicone e \u00e0 prova de salpicos de \u00e1gua com IPX4. Bateria com capacidade at\u00e9 200 mAh, aproximadamente 3 dias de autonomia (standby at\u00e9 20 dias). A liga\u00e7\u00e3o BT permite conectar o seu celular \u00e0 pulseira, bem como \u00e0 aplica\u00e7\u00e3o &#8220;HryFine&#8221; &#8211; compat\u00edvel com IOS e Android. Incluso alerta para chamadas recebidas e funcionalidades desportivas como: monitoriza\u00e7\u00e3o do sono, ritmo card\u00edaco, press\u00e3o arterial, oxig\u00e9nio no sangue, cron\u00f4metro e ped\u00f4metro. Al\u00e9m disto, apresenta funcionalidades distintas como lanterna, c\u00e2mara remota, alarme, encontrar telefone e leitor de m\u00fasica. Este Smartwatch \u00e9 ideal para o acompanhar na vida cotidiana.<\/div>\n<div class=\"texto\">Fornecido em caixa presente. 45 x 40 x 13 mm | Caixa: 86 x 27 x 154 mm<\/div>\n","protected":false},"excerpt":{"rendered":"<p>97136-WILES. Rel\u00f3gio inteligente personalizado. Rel\u00f3gio inteligente com tela IPS de 1.85 polegadas com bracelete em silicone e \u00e0 prova de salpicos de \u00e1gua com IPX4. Bateria<span class=\"excerpt-hellip\"> [\u2026]<\/span><\/p>\n","protected":false},"featured_media":3564,"comment_status":"open","ping_status":"closed","template":"","meta":[],"product_cat":[350,377,622],"product_tag":[1187],"class_list":["post-5811","product","type-product","status-publish","has-post-thumbnail","hentry","product_cat-fitness-e-lazer","product_cat-informatica-som-e-tecnologia","product_cat-linha-premium-e-marcas","product_tag-relogio-inteligente-personalizado"],"_links":{"self":[{"href":"https:\/\/vohnabrindes.com.br\/index.php\/wp-json\/wp\/v2\/product\/5811","targetHints":{"allow":["GET"]}}],"collection":[{"href":"https:\/\/vohnabrindes.com.br\/index.php\/wp-json\/wp\/v2\/product"}],"about":[{"href":"https:\/\/vohnabrindes.com.br\/index.php\/wp-json\/wp\/v2\/types\/product"}],"replies":[{"embeddable":true,"href":"https:\/\/vohnabrindes.com.br\/index.php\/wp-json\/wp\/v2\/comments?post=5811"}],"version-history":[{"count":1,"href":"https:\/\/vohnabrindes.com.br\/index.php\/wp-json\/wp\/v2\/product\/5811\/revisions"}],"predecessor-version":[{"id":5841,"href":"https:\/\/vohnabrindes.com.br\/index.php\/wp-json\/wp\/v2\/product\/5811\/revisions\/5841"}],"wp:featuredmedia":[{"embeddable":true,"href":"https:\/\/vohnabrindes.com.br\/index.php\/wp-json\/wp\/v2\/media\/3564"}],"wp:attachment":[{"href":"https:\/\/vohnabrindes.com.br\/index.php\/wp-json\/wp\/v2\/media?parent=5811"}],"wp:term":[{"taxonomy":"product_cat","embeddable":true,"href":"https:\/\/vohnabrindes.com.br\/index.php\/wp-json\/wp\/v2\/product_cat?post=5811"},{"taxonomy":"product_tag","embeddable":true,"href":"https:\/\/vohnabrindes.com.br\/index.php\/wp-json\/wp\/v2\/product_tag?post=5811"}],"curies":[{"name":"wp","href":"https:\/\/api.w.org\/{rel}","templated":true}]}}