{"id":5856,"date":"2025-05-30T21:40:51","date_gmt":"2025-05-31T00:40:51","guid":{"rendered":"https:\/\/vohnabrindes.com.br\/?post_type=product&#038;p=5856"},"modified":"2025-05-30T21:40:52","modified_gmt":"2025-05-31T00:40:52","slug":"sacola-com-tela-luxo-personalizada","status":"publish","type":"product","link":"https:\/\/vohnabrindes.com.br\/index.php\/product\/sacola-com-tela-luxo-personalizada\/","title":{"rendered":"Sacola com tela luxo personalizada."},"content":{"rendered":"<p>Sacola confeccionada em nylon emborrachado com tela para brindes promocionais.<br \/>\nDimens\u00f5es: 45cm largura x 35 cm altura x 10cm lateral e fundo.<\/p>\n<p>medidas da \u00e1rea com tela: 45cm largura x 20 cm altura.<\/p>\n<p>Possui bolso com 17 cm largura x 22 cm de altura com fechamento em z\u00edper al\u00e7a: 60cm, detalhe em nylon emborrachado na bainha, fundo e al\u00e7a.<\/p>\n<p>Cor a escolher<\/p>\n","protected":false},"excerpt":{"rendered":"<p>Sacola confeccionada em nylon emborrachado com tela para brindes promocionais. Dimens\u00f5es: 45cm largura x 35 cm altura x 10cm lateral e fundo. medidas da \u00e1rea com<span class=\"excerpt-hellip\"> [\u2026]<\/span><\/p>\n","protected":false},"featured_media":3608,"comment_status":"open","ping_status":"closed","template":"","meta":[],"product_cat":[210],"product_tag":[1205,660,1206],"class_list":["post-5856","product","type-product","status-publish","has-post-thumbnail","hentry","product_cat-sacolas","product_tag-sacola-com-tela-luxo-personalizada","product_tag-sacola-de-praia-personalizada","product_tag-sacola-para-eventos-personalizada"],"_links":{"self":[{"href":"https:\/\/vohnabrindes.com.br\/index.php\/wp-json\/wp\/v2\/product\/5856","targetHints":{"allow":["GET"]}}],"collection":[{"href":"https:\/\/vohnabrindes.com.br\/index.php\/wp-json\/wp\/v2\/product"}],"about":[{"href":"https:\/\/vohnabrindes.com.br\/index.php\/wp-json\/wp\/v2\/types\/product"}],"replies":[{"embeddable":true,"href":"https:\/\/vohnabrindes.com.br\/index.php\/wp-json\/wp\/v2\/comments?post=5856"}],"version-history":[{"count":1,"href":"https:\/\/vohnabrindes.com.br\/index.php\/wp-json\/wp\/v2\/product\/5856\/revisions"}],"predecessor-version":[{"id":5886,"href":"https:\/\/vohnabrindes.com.br\/index.php\/wp-json\/wp\/v2\/product\/5856\/revisions\/5886"}],"wp:featuredmedia":[{"embeddable":true,"href":"https:\/\/vohnabrindes.com.br\/index.php\/wp-json\/wp\/v2\/media\/3608"}],"wp:attachment":[{"href":"https:\/\/vohnabrindes.com.br\/index.php\/wp-json\/wp\/v2\/media?parent=5856"}],"wp:term":[{"taxonomy":"product_cat","embeddable":true,"href":"https:\/\/vohnabrindes.com.br\/index.php\/wp-json\/wp\/v2\/product_cat?post=5856"},{"taxonomy":"product_tag","embeddable":true,"href":"https:\/\/vohnabrindes.com.br\/index.php\/wp-json\/wp\/v2\/product_tag?post=5856"}],"curies":[{"name":"wp","href":"https:\/\/api.w.org\/{rel}","templated":true}]}}