{"id":5879,"date":"2025-05-30T21:40:52","date_gmt":"2025-05-31T00:40:52","guid":{"rendered":"https:\/\/vohnabrindes.com.br\/?post_type=product&#038;p=5879"},"modified":"2025-05-30T21:40:54","modified_gmt":"2025-05-31T00:40:54","slug":"caderneta-com-suporte-de-celular-personalizada","status":"publish","type":"product","link":"https:\/\/vohnabrindes.com.br\/index.php\/product\/caderneta-com-suporte-de-celular-personalizada\/","title":{"rendered":"Caderneta com Suporte de Celular personalizada."},"content":{"rendered":"<pre id=\"item_referencia\">06101<\/pre>\n<p class=\"produto-nome\">Caderneta com Suporte de Celular personalizada.<\/p>\n<div class=\"caracs\">\n<div class=\"desc\">\n<p class=\"desc-tit\"><span class=\"desc-sub my-desc-sub\">A nossa caderneta traz funcionalidade e estilo em um design leve e pr\u00e1tico. <\/span><\/p>\n<p class=\"desc-tit\"><span class=\"desc-sub my-desc-sub\">Feita em rPET, com cerca de 96 folhas brancas pautadas, \u00e9 perfeita para anota\u00e7\u00f5es, e conta com um suporte na capa feito de papel\u00e3o, com revestimento similar ao bambu, ideal para manter o aparelho celular firme. <\/span><\/p>\n<p class=\"desc-tit\"><span class=\"desc-sub my-desc-sub\">A capa dobr\u00e1vel e flex\u00edvel facilita o transporte, e o marcador de p\u00e1gina em cetim agrega um toque de sofistica\u00e7\u00e3o.<\/span><\/p>\n<\/div>\n<div class=\"desc\">\n<p class=\"desc-tit\">Altura<span class=\"desc-sub\">\u00a0:\u00a0 21 cm<\/span><\/p>\n<\/div>\n<div class=\"desc\">\n<p class=\"desc-tit\">Largura<span class=\"desc-sub\">\u00a0:\u00a0 14,3 cm<\/span><\/p>\n<\/div>\n<div class=\"desc\">\n<p class=\"desc-tit\">Espessura<span class=\"desc-sub\">\u00a0:\u00a0 1,4 cm<\/span><\/p>\n<\/div>\n<\/div>\n<p class=\"desc-tit\">Peso aproximado<span class=\"desc-sub\">\u00a0(g):\u00a0 266<\/span><\/p>\n","protected":false},"excerpt":{"rendered":"<p>06101 Caderneta com Suporte de Celular personalizada. A nossa caderneta traz funcionalidade e estilo em um design leve e pr\u00e1tico. Feita em rPET, com cerca de<span class=\"excerpt-hellip\"> [\u2026]<\/span><\/p>\n","protected":false},"featured_media":3682,"comment_status":"open","ping_status":"closed","template":"","meta":[],"product_cat":[146],"product_tag":[764,1227,150],"class_list":["post-5879","product","type-product","status-publish","has-post-thumbnail","hentry","product_cat-blocos-e-cadernetas","product_tag-bloco-de-anotacoes-personalizado","product_tag-caderneta-com-suporte-de-celular-personalizada","product_tag-moleskine-personalizado"],"_links":{"self":[{"href":"https:\/\/vohnabrindes.com.br\/index.php\/wp-json\/wp\/v2\/product\/5879","targetHints":{"allow":["GET"]}}],"collection":[{"href":"https:\/\/vohnabrindes.com.br\/index.php\/wp-json\/wp\/v2\/product"}],"about":[{"href":"https:\/\/vohnabrindes.com.br\/index.php\/wp-json\/wp\/v2\/types\/product"}],"replies":[{"embeddable":true,"href":"https:\/\/vohnabrindes.com.br\/index.php\/wp-json\/wp\/v2\/comments?post=5879"}],"version-history":[{"count":1,"href":"https:\/\/vohnabrindes.com.br\/index.php\/wp-json\/wp\/v2\/product\/5879\/revisions"}],"predecessor-version":[{"id":5909,"href":"https:\/\/vohnabrindes.com.br\/index.php\/wp-json\/wp\/v2\/product\/5879\/revisions\/5909"}],"wp:featuredmedia":[{"embeddable":true,"href":"https:\/\/vohnabrindes.com.br\/index.php\/wp-json\/wp\/v2\/media\/3682"}],"wp:attachment":[{"href":"https:\/\/vohnabrindes.com.br\/index.php\/wp-json\/wp\/v2\/media?parent=5879"}],"wp:term":[{"taxonomy":"product_cat","embeddable":true,"href":"https:\/\/vohnabrindes.com.br\/index.php\/wp-json\/wp\/v2\/product_cat?post=5879"},{"taxonomy":"product_tag","embeddable":true,"href":"https:\/\/vohnabrindes.com.br\/index.php\/wp-json\/wp\/v2\/product_tag?post=5879"}],"curies":[{"name":"wp","href":"https:\/\/api.w.org\/{rel}","templated":true}]}}