{"id":5883,"date":"2025-05-30T21:40:52","date_gmt":"2025-05-31T00:40:52","guid":{"rendered":"https:\/\/vohnabrindes.com.br\/?post_type=product&#038;p=5883"},"modified":"2025-05-30T21:40:55","modified_gmt":"2025-05-31T00:40:55","slug":"porta-passaporte-personalizado","status":"publish","type":"product","link":"https:\/\/vohnabrindes.com.br\/index.php\/product\/porta-passaporte-personalizado\/","title":{"rendered":"Porta Passaporte personalizado."},"content":{"rendered":"<pre id=\"item_referencia\">18881<\/pre>\n<p class=\"produto-nome\">Porta Passaporte em Couro Sint\u00e9tico personalizado.<\/p>\n<div class=\"caracs\">\n<div class=\"desc\">\n<p class=\"desc-tit\">\u00a0<span class=\"desc-sub my-desc-sub\">Garanta a seguran\u00e7a dos seus documentos enquanto viaja! O nosso Porta-passaporte \u00e9 a solu\u00e7\u00e3o para viajar com tranquilidade. Al\u00e9m de organizar documentos de forma pr\u00e1tica, ele conta com tecnologia de prote\u00e7\u00e3o RFID, que bloqueia a leitura n\u00e3o autorizada de dados de cart\u00f5es e chips de identifica\u00e7\u00e3o. Feito em couro sint\u00e9tico de alta qualidade, possui quatro compartimentos para cart\u00f5es, tr\u00eas bolsos, sendo um exclusivo para passaporte, outro para dinheiro e documentos e dois espa\u00e7os para cart\u00f5es SIM. Seu fechamento imantado combina eleg\u00e2ncia e funcionalidade, garantindo praticidade e seguran\u00e7a durante as viagens.<\/span><\/p>\n<\/div>\n<div class=\"desc\">\n<p class=\"desc-tit\">Altura<span class=\"desc-sub\">\u00a0:\u00a0 15 cm<\/span><\/p>\n<\/div>\n<div class=\"desc\">\n<p class=\"desc-tit\">Largura<span class=\"desc-sub\">\u00a0:\u00a0 10,9 cm<\/span><\/p>\n<\/div>\n<div class=\"desc\">\n<p class=\"desc-tit\">Espessura<span class=\"desc-sub\">\u00a0:\u00a0 1,2 cm<\/span><\/p>\n<\/div>\n<div class=\"desc\">\n<p class=\"desc-tit\">Medidas aproximadas para grava\u00e7\u00e3o<span class=\"desc-sub\">\u00a0(CxL):\u00a0 3,5 cm x 7,5 cm<\/span><\/p>\n<\/div>\n<div class=\"desc\">\n<p class=\"desc-tit\">Peso aproximado<span class=\"desc-sub\">\u00a0(g):\u00a0 62<\/span><\/p>\n<\/div>\n<\/div>\n","protected":false},"excerpt":{"rendered":"<p>18881 Porta Passaporte em Couro Sint\u00e9tico personalizado. \u00a0Garanta a seguran\u00e7a dos seus documentos enquanto viaja! O nosso Porta-passaporte \u00e9 a solu\u00e7\u00e3o para viajar com tranquilidade. Al\u00e9m<span class=\"excerpt-hellip\"> [\u2026]<\/span><\/p>\n","protected":false},"featured_media":3694,"comment_status":"open","ping_status":"closed","template":"","meta":[],"product_cat":[177],"product_tag":[1233,1234],"class_list":["post-5883","product","type-product","status-publish","has-post-thumbnail","hentry","product_cat-linha-travel","product_tag-porta-documentos-personalizado","product_tag-porta-passaporte-em-couro-sintetico-personalizado"],"_links":{"self":[{"href":"https:\/\/vohnabrindes.com.br\/index.php\/wp-json\/wp\/v2\/product\/5883","targetHints":{"allow":["GET"]}}],"collection":[{"href":"https:\/\/vohnabrindes.com.br\/index.php\/wp-json\/wp\/v2\/product"}],"about":[{"href":"https:\/\/vohnabrindes.com.br\/index.php\/wp-json\/wp\/v2\/types\/product"}],"replies":[{"embeddable":true,"href":"https:\/\/vohnabrindes.com.br\/index.php\/wp-json\/wp\/v2\/comments?post=5883"}],"version-history":[{"count":1,"href":"https:\/\/vohnabrindes.com.br\/index.php\/wp-json\/wp\/v2\/product\/5883\/revisions"}],"predecessor-version":[{"id":5913,"href":"https:\/\/vohnabrindes.com.br\/index.php\/wp-json\/wp\/v2\/product\/5883\/revisions\/5913"}],"wp:featuredmedia":[{"embeddable":true,"href":"https:\/\/vohnabrindes.com.br\/index.php\/wp-json\/wp\/v2\/media\/3694"}],"wp:attachment":[{"href":"https:\/\/vohnabrindes.com.br\/index.php\/wp-json\/wp\/v2\/media?parent=5883"}],"wp:term":[{"taxonomy":"product_cat","embeddable":true,"href":"https:\/\/vohnabrindes.com.br\/index.php\/wp-json\/wp\/v2\/product_cat?post=5883"},{"taxonomy":"product_tag","embeddable":true,"href":"https:\/\/vohnabrindes.com.br\/index.php\/wp-json\/wp\/v2\/product_tag?post=5883"}],"curies":[{"name":"wp","href":"https:\/\/api.w.org\/{rel}","templated":true}]}}