{"id":5927,"date":"2025-05-30T21:40:56","date_gmt":"2025-05-31T00:40:56","guid":{"rendered":"https:\/\/vohnabrindes.com.br\/?post_type=product&#038;p=5927"},"modified":"2025-05-30T21:40:58","modified_gmt":"2025-05-31T00:40:58","slug":"kit-boas-vindas-personalizado","status":"publish","type":"product","link":"https:\/\/vohnabrindes.com.br\/index.php\/product\/kit-boas-vindas-personalizado\/","title":{"rendered":"Kit boas vindas personalizado."},"content":{"rendered":"<h6>Kit Boas Vindas &#8211; 5 P\u00e7s<\/h6>\n<h6>Kit boas vindas. Conta com mochila em nylon 420, garrafa pet, fone de ouvido, caderno sem pauta e caneta esferogr\u00e1fica com tampa e ponta touch.<\/h6>\n<h6 class=\"row\"><strong class=\"label\">Dimens\u00f5es do Produto: <\/strong>Dimens\u00e3o da sacola: 35x41cm<\/h6>\n<h6 class=\"row\"><strong class=\"label\">Sugest\u00e3o de Personaliza\u00e7\u00e3o: <\/strong>Uma grava\u00e7\u00e3o em Silkscreen na mochila, no caderno e na garrafa.<\/h6>\n<h6 class=\"row\"><strong class=\"label\">Embalagem: <\/strong>Pl\u00e1stica (Embalados na mochila sacola) 350x410x0 mm (AxLxP)<\/h6>\n<h6 class=\"row\"><strong class=\"label\">Peso: <\/strong>337 g (com embalagem)KT-90242<\/h6>\n","protected":false},"excerpt":{"rendered":"<p>Kit Boas Vindas &#8211; 5 P\u00e7s Kit boas vindas. Conta com mochila em nylon 420, garrafa pet, fone de ouvido, caderno sem pauta e caneta esferogr\u00e1fica<span class=\"excerpt-hellip\"> [\u2026]<\/span><\/p>\n","protected":false},"featured_media":3758,"comment_status":"open","ping_status":"closed","template":"","meta":[],"product_cat":[144,129,643],"product_tag":[1248,1075,1249,1250,1251,1252],"class_list":["post-5927","product","type-product","status-publish","has-post-thumbnail","hentry","product_cat-cadernos-e-pastas","product_cat-garrafas-e-squeezes","product_cat-kit-boas-vindas","product_tag-garrafas-personalizadas","product_tag-kit-bloco-e-caneta-personalizado","product_tag-kit-boas-vindas","product_tag-kit-boas-vindas-personalizados","product_tag-kit-onboarding","product_tag-kit-onboarding-personalizado"],"_links":{"self":[{"href":"https:\/\/vohnabrindes.com.br\/index.php\/wp-json\/wp\/v2\/product\/5927","targetHints":{"allow":["GET"]}}],"collection":[{"href":"https:\/\/vohnabrindes.com.br\/index.php\/wp-json\/wp\/v2\/product"}],"about":[{"href":"https:\/\/vohnabrindes.com.br\/index.php\/wp-json\/wp\/v2\/types\/product"}],"replies":[{"embeddable":true,"href":"https:\/\/vohnabrindes.com.br\/index.php\/wp-json\/wp\/v2\/comments?post=5927"}],"version-history":[{"count":1,"href":"https:\/\/vohnabrindes.com.br\/index.php\/wp-json\/wp\/v2\/product\/5927\/revisions"}],"predecessor-version":[{"id":5957,"href":"https:\/\/vohnabrindes.com.br\/index.php\/wp-json\/wp\/v2\/product\/5927\/revisions\/5957"}],"wp:featuredmedia":[{"embeddable":true,"href":"https:\/\/vohnabrindes.com.br\/index.php\/wp-json\/wp\/v2\/media\/3758"}],"wp:attachment":[{"href":"https:\/\/vohnabrindes.com.br\/index.php\/wp-json\/wp\/v2\/media?parent=5927"}],"wp:term":[{"taxonomy":"product_cat","embeddable":true,"href":"https:\/\/vohnabrindes.com.br\/index.php\/wp-json\/wp\/v2\/product_cat?post=5927"},{"taxonomy":"product_tag","embeddable":true,"href":"https:\/\/vohnabrindes.com.br\/index.php\/wp-json\/wp\/v2\/product_tag?post=5927"}],"curies":[{"name":"wp","href":"https:\/\/api.w.org\/{rel}","templated":true}]}}