{"id":5928,"date":"2025-05-30T21:40:56","date_gmt":"2025-05-31T00:40:56","guid":{"rendered":"https:\/\/vohnabrindes.com.br\/?post_type=product&#038;p=5928"},"modified":"2025-05-30T21:40:58","modified_gmt":"2025-05-31T00:40:58","slug":"kit-caneca-em-ceramica-branca-e-porta-retrato-personalizado","status":"publish","type":"product","link":"https:\/\/vohnabrindes.com.br\/index.php\/product\/kit-caneca-em-ceramica-branca-e-porta-retrato-personalizado\/","title":{"rendered":"Kit Caneca Em Cer\u00e2mica Branca E Porta-Retrato personalizado."},"content":{"rendered":"<h6>Kit Caneca Em Cer\u00e2mica Branca E Porta-Retrato Em Alum\u00ednio &#8211; 2 P\u00e7s<\/h6>\n<h6>Kit contendo caneca em cer\u00e2mica na cor branca com capacidade de 270 ml e porta-retrato em alum\u00ednio fosco com vidro frontal, apoio em polipropileno preto e uma fina espuma no interior para acomodar melhor a foto.<\/h6>\n<h6 class=\"row\"><strong class=\"label\">Dimens\u00f5es do Produto: <\/strong>Caneca: 270 ml-KT-90261<\/h6>\n<h6 class=\"row\"><strong class=\"label\">Sugest\u00e3o de Personaliza\u00e7\u00e3o: <\/strong>Uma grava\u00e7\u00e3o em Silk-Screen na caneca e grava\u00e7\u00e3o a Laser no porta-retrato.<\/h6>\n<h6 class=\"row\"><strong class=\"label\">Embalagem: <\/strong>Caixa Preta 352x241x92 mm (AxLxP)<\/h6>\n<h6 class=\"row\"><strong class=\"label\">Peso: <\/strong>625 g (com embalagem)<\/h6>\n","protected":false},"excerpt":{"rendered":"<p>Kit Caneca Em Cer\u00e2mica Branca E Porta-Retrato Em Alum\u00ednio &#8211; 2 P\u00e7s Kit contendo caneca em cer\u00e2mica na cor branca com capacidade de 270 ml e<span class=\"excerpt-hellip\"> [\u2026]<\/span><\/p>\n","protected":false},"featured_media":3761,"comment_status":"open","ping_status":"closed","template":"","meta":[],"product_cat":[135,899,643],"product_tag":[1255,1249,1250,1256,1251,1252,167],"class_list":["post-5928","product","type-product","status-publish","has-post-thumbnail","hentry","product_cat-canecas-e-copos","product_cat-diversos","product_cat-kit-boas-vindas","product_tag-caneca-personalizado","product_tag-kit-boas-vindas","product_tag-kit-boas-vindas-personalizados","product_tag-kit-caneca-em-ceramica-branca-e-porta-retrato-personalizado","product_tag-kit-onboarding","product_tag-kit-onboarding-personalizado","product_tag-porta-retrato-personalizado"],"_links":{"self":[{"href":"https:\/\/vohnabrindes.com.br\/index.php\/wp-json\/wp\/v2\/product\/5928","targetHints":{"allow":["GET"]}}],"collection":[{"href":"https:\/\/vohnabrindes.com.br\/index.php\/wp-json\/wp\/v2\/product"}],"about":[{"href":"https:\/\/vohnabrindes.com.br\/index.php\/wp-json\/wp\/v2\/types\/product"}],"replies":[{"embeddable":true,"href":"https:\/\/vohnabrindes.com.br\/index.php\/wp-json\/wp\/v2\/comments?post=5928"}],"version-history":[{"count":1,"href":"https:\/\/vohnabrindes.com.br\/index.php\/wp-json\/wp\/v2\/product\/5928\/revisions"}],"predecessor-version":[{"id":5958,"href":"https:\/\/vohnabrindes.com.br\/index.php\/wp-json\/wp\/v2\/product\/5928\/revisions\/5958"}],"wp:featuredmedia":[{"embeddable":true,"href":"https:\/\/vohnabrindes.com.br\/index.php\/wp-json\/wp\/v2\/media\/3761"}],"wp:attachment":[{"href":"https:\/\/vohnabrindes.com.br\/index.php\/wp-json\/wp\/v2\/media?parent=5928"}],"wp:term":[{"taxonomy":"product_cat","embeddable":true,"href":"https:\/\/vohnabrindes.com.br\/index.php\/wp-json\/wp\/v2\/product_cat?post=5928"},{"taxonomy":"product_tag","embeddable":true,"href":"https:\/\/vohnabrindes.com.br\/index.php\/wp-json\/wp\/v2\/product_tag?post=5928"}],"curies":[{"name":"wp","href":"https:\/\/api.w.org\/{rel}","templated":true}]}}