{"id":5980,"date":"2025-05-30T21:41:00","date_gmt":"2025-05-31T00:41:00","guid":{"rendered":"https:\/\/vohnabrindes.com.br\/?post_type=product&#038;p=5980"},"modified":"2025-05-30T21:41:02","modified_gmt":"2025-05-31T00:41:02","slug":"kit-garrafa-caderno-e-caneta-personalizado","status":"publish","type":"product","link":"https:\/\/vohnabrindes.com.br\/index.php\/product\/kit-garrafa-caderno-e-caneta-personalizado\/","title":{"rendered":"Kit Garrafa, Caderno e Caneta personalizado."},"content":{"rendered":"<p>Kit Garrafa, Caderno e Caneta \u2013 3 pe\u00e7as.<\/p>\n<p>Uma op\u00e7\u00e3o \u00fatil e elegante para presentear colaboradores e clientes! \u2728<\/p>\n<p>\ud83d\udc49\ud83c\udffc O kit \u00e9 composto por:<\/p>\n<p>&#8211; 1 garrafa em alum\u00ednio de 1 litro;<br \/>\n&#8211; 1 caderno de anota\u00e7\u00f5es com capa dura;<br \/>\n&#8211; 1 caneta confeccionada em Bambu ecol\u00f3gico com detalhes em cromado fosco.<\/p>\n","protected":false},"excerpt":{"rendered":"<p>Kit Garrafa, Caderno e Caneta \u2013 3 pe\u00e7as. Uma op\u00e7\u00e3o \u00fatil e elegante para presentear colaboradores e clientes! \u2728 \ud83d\udc49\ud83c\udffc O kit \u00e9 composto por: &#8211;<span class=\"excerpt-hellip\"> [\u2026]<\/span><\/p>\n","protected":false},"featured_media":3853,"comment_status":"open","ping_status":"closed","template":"","meta":[],"product_cat":[146,165,129,643],"product_tag":[1288,645,1251,1252],"class_list":["post-5980","product","type-product","status-publish","has-post-thumbnail","hentry","product_cat-blocos-e-cadernetas","product_cat-escritorio-e-conjuntos-executivos","product_cat-garrafas-e-squeezes","product_cat-kit-boas-vindas","product_tag-caderno-e-caneta-personalizado","product_tag-kit-garrafa","product_tag-kit-onboarding","product_tag-kit-onboarding-personalizado"],"_links":{"self":[{"href":"https:\/\/vohnabrindes.com.br\/index.php\/wp-json\/wp\/v2\/product\/5980","targetHints":{"allow":["GET"]}}],"collection":[{"href":"https:\/\/vohnabrindes.com.br\/index.php\/wp-json\/wp\/v2\/product"}],"about":[{"href":"https:\/\/vohnabrindes.com.br\/index.php\/wp-json\/wp\/v2\/types\/product"}],"replies":[{"embeddable":true,"href":"https:\/\/vohnabrindes.com.br\/index.php\/wp-json\/wp\/v2\/comments?post=5980"}],"version-history":[{"count":1,"href":"https:\/\/vohnabrindes.com.br\/index.php\/wp-json\/wp\/v2\/product\/5980\/revisions"}],"predecessor-version":[{"id":6007,"href":"https:\/\/vohnabrindes.com.br\/index.php\/wp-json\/wp\/v2\/product\/5980\/revisions\/6007"}],"wp:featuredmedia":[{"embeddable":true,"href":"https:\/\/vohnabrindes.com.br\/index.php\/wp-json\/wp\/v2\/media\/3853"}],"wp:attachment":[{"href":"https:\/\/vohnabrindes.com.br\/index.php\/wp-json\/wp\/v2\/media?parent=5980"}],"wp:term":[{"taxonomy":"product_cat","embeddable":true,"href":"https:\/\/vohnabrindes.com.br\/index.php\/wp-json\/wp\/v2\/product_cat?post=5980"},{"taxonomy":"product_tag","embeddable":true,"href":"https:\/\/vohnabrindes.com.br\/index.php\/wp-json\/wp\/v2\/product_tag?post=5980"}],"curies":[{"name":"wp","href":"https:\/\/api.w.org\/{rel}","templated":true}]}}