{"id":5981,"date":"2025-05-30T21:41:00","date_gmt":"2025-05-31T00:41:00","guid":{"rendered":"https:\/\/vohnabrindes.com.br\/?post_type=product&#038;p=5981"},"modified":"2025-05-30T21:41:02","modified_gmt":"2025-05-31T00:41:02","slug":"manta-ecologicamente-correta-personalizada","status":"publish","type":"product","link":"https:\/\/vohnabrindes.com.br\/index.php\/product\/manta-ecologicamente-correta-personalizada\/","title":{"rendered":"Manta ecologicamente correta, personalizada."},"content":{"rendered":"<div class=\"ref\">99154COZY.<\/div>\n<div class=\"ref\">Manta ecologicamente correta, personalizada.<\/div>\n<div class=\"texto\">Manta em tecido polar, 100% poli\u00e9ster reciclado (100% rPET), com \u00e1rea para personaliza\u00e7\u00e3o em microfibra. Fornecido em saco de tecidos 100% reciclado (70% algod\u00e3o reciclado e 30% poli\u00e9ster reciclado), com gramagem de 140 g\/m\u00b2. 1600 x 1200 mm | Saco: 400 x 320 mm<\/div>\n","protected":false},"excerpt":{"rendered":"<p>99154COZY. Manta ecologicamente correta, personalizada. Manta em tecido polar, 100% poli\u00e9ster reciclado (100% rPET), com \u00e1rea para personaliza\u00e7\u00e3o em microfibra. Fornecido em saco de tecidos 100%<span class=\"excerpt-hellip\"> [\u2026]<\/span><\/p>\n","protected":false},"featured_media":3855,"comment_status":"open","ping_status":"closed","template":"","meta":[],"product_cat":[899,126,510,177],"product_tag":[1289,1290,900,1279],"class_list":["post-5981","product","type-product","status-publish","has-post-thumbnail","hentry","product_cat-diversos","product_cat-linha-ecologica","product_cat-linha-sol-e-chuva","product_cat-linha-travel","product_tag-brindes-para-inverno","product_tag-manta-ecologicamente-correta","product_tag-manta-personalizada","product_tag-personalizada"],"_links":{"self":[{"href":"https:\/\/vohnabrindes.com.br\/index.php\/wp-json\/wp\/v2\/product\/5981","targetHints":{"allow":["GET"]}}],"collection":[{"href":"https:\/\/vohnabrindes.com.br\/index.php\/wp-json\/wp\/v2\/product"}],"about":[{"href":"https:\/\/vohnabrindes.com.br\/index.php\/wp-json\/wp\/v2\/types\/product"}],"replies":[{"embeddable":true,"href":"https:\/\/vohnabrindes.com.br\/index.php\/wp-json\/wp\/v2\/comments?post=5981"}],"version-history":[{"count":1,"href":"https:\/\/vohnabrindes.com.br\/index.php\/wp-json\/wp\/v2\/product\/5981\/revisions"}],"predecessor-version":[{"id":6008,"href":"https:\/\/vohnabrindes.com.br\/index.php\/wp-json\/wp\/v2\/product\/5981\/revisions\/6008"}],"wp:featuredmedia":[{"embeddable":true,"href":"https:\/\/vohnabrindes.com.br\/index.php\/wp-json\/wp\/v2\/media\/3855"}],"wp:attachment":[{"href":"https:\/\/vohnabrindes.com.br\/index.php\/wp-json\/wp\/v2\/media?parent=5981"}],"wp:term":[{"taxonomy":"product_cat","embeddable":true,"href":"https:\/\/vohnabrindes.com.br\/index.php\/wp-json\/wp\/v2\/product_cat?post=5981"},{"taxonomy":"product_tag","embeddable":true,"href":"https:\/\/vohnabrindes.com.br\/index.php\/wp-json\/wp\/v2\/product_tag?post=5981"}],"curies":[{"name":"wp","href":"https:\/\/api.w.org\/{rel}","templated":true}]}}