{"id":6471,"date":"2025-12-29T14:30:31","date_gmt":"2025-12-29T17:30:31","guid":{"rendered":"https:\/\/vohnabrindes.com.br\/?post_type=product&#038;p=6471"},"modified":"2025-12-29T14:31:11","modified_gmt":"2025-12-29T17:31:11","slug":"kit-executivo-2-pecas-personalizado-2","status":"publish","type":"product","link":"https:\/\/vohnabrindes.com.br\/index.php\/product\/kit-executivo-2-pecas-personalizado-2\/","title":{"rendered":"Kit Executivo 2 Pe\u00e7as personalizado."},"content":{"rendered":"<pre id=\"item_referencia\">19029<\/pre>\n<p class=\"produto-nome\">Kit Executivo 2 Pe\u00e7as personalizado<\/p>\n<div class=\"caracs\">\n<div class=\"desc\">\n<p class=\"desc-tit\"><span class=\"desc-sub my-desc-sub\">Kit executivo composto por uma caderneta e uma caneta. A caderneta possui capa dura, marca-p\u00e1ginas em fita de cetim e el\u00e1stico para fechamento, al\u00e9m de aproximadamente 80 folhas com pauta. Por sua vez, a caneta met\u00e1lica conta com detalhe em bambu, acionamento por clique e carga esferogr\u00e1fica azul de 1,0mm. Acompanha uma caixa de papel\u00e3o com ber\u00e7o interno em espuma.<\/span><\/p>\n<\/div>\n<div class=\"desc\">\n<p class=\"desc-tit\">Largura<span class=\"desc-sub\">\u00a0:\u00a0 14,5 cm<\/span><\/p>\n<\/div>\n<div class=\"desc\">\n<p class=\"desc-tit\">Espessura<span class=\"desc-sub\">\u00a0:\u00a0 2,2 cm<\/span><\/p>\n<\/div>\n<div class=\"desc\">\n<p class=\"desc-tit\">Comprimento<span class=\"desc-sub\">\u00a0:\u00a0 19 cm<\/span><\/p>\n<\/div>\n<div class=\"desc\">\n<p class=\"desc-tit\">Medidas aproximadas para grava\u00e7\u00e3o<span class=\"desc-sub\">\u00a0(CxL):\u00a0 17 cm x 13 cm (caixa) &#8211; 13 cm x 18 cm (caderneta) &#8211; 0,8 cm x 10 cm (caneta)<\/span><\/p>\n<\/div>\n<div class=\"desc\">\n<p class=\"desc-tit\">Peso aproximado<span class=\"desc-sub\">\u00a0(g):\u00a0 212<\/span><\/p>\n<\/div>\n<\/div>\n","protected":false},"excerpt":{"rendered":"<p>19029 Kit Executivo 2 Pe\u00e7as personalizado Kit executivo composto por uma caderneta e uma caneta. A caderneta possui capa dura, marca-p\u00e1ginas em fita de cetim e<span class=\"excerpt-hellip\"> [\u2026]<\/span><\/p>\n","protected":false},"featured_media":6510,"comment_status":"closed","ping_status":"closed","template":"","meta":[],"product_cat":[165,643],"product_tag":[2423,1075,2433],"class_list":["post-6471","product","type-product","status-publish","has-post-thumbnail","hentry","product_cat-escritorio-e-conjuntos-executivos","product_cat-kit-boas-vindas","product_tag-caderno-estilo-moleskine-personalizado","product_tag-kit-bloco-e-caneta-personalizado","product_tag-kit-executivo-2-pecas-personalizado"],"_links":{"self":[{"href":"https:\/\/vohnabrindes.com.br\/index.php\/wp-json\/wp\/v2\/product\/6471","targetHints":{"allow":["GET"]}}],"collection":[{"href":"https:\/\/vohnabrindes.com.br\/index.php\/wp-json\/wp\/v2\/product"}],"about":[{"href":"https:\/\/vohnabrindes.com.br\/index.php\/wp-json\/wp\/v2\/types\/product"}],"replies":[{"embeddable":true,"href":"https:\/\/vohnabrindes.com.br\/index.php\/wp-json\/wp\/v2\/comments?post=6471"}],"version-history":[{"count":1,"href":"https:\/\/vohnabrindes.com.br\/index.php\/wp-json\/wp\/v2\/product\/6471\/revisions"}],"predecessor-version":[{"id":6511,"href":"https:\/\/vohnabrindes.com.br\/index.php\/wp-json\/wp\/v2\/product\/6471\/revisions\/6511"}],"wp:featuredmedia":[{"embeddable":true,"href":"https:\/\/vohnabrindes.com.br\/index.php\/wp-json\/wp\/v2\/media\/6510"}],"wp:attachment":[{"href":"https:\/\/vohnabrindes.com.br\/index.php\/wp-json\/wp\/v2\/media?parent=6471"}],"wp:term":[{"taxonomy":"product_cat","embeddable":true,"href":"https:\/\/vohnabrindes.com.br\/index.php\/wp-json\/wp\/v2\/product_cat?post=6471"},{"taxonomy":"product_tag","embeddable":true,"href":"https:\/\/vohnabrindes.com.br\/index.php\/wp-json\/wp\/v2\/product_tag?post=6471"}],"curies":[{"name":"wp","href":"https:\/\/api.w.org\/{rel}","templated":true}]}}