{"id":6571,"date":"2026-03-03T16:27:57","date_gmt":"2026-03-03T19:27:57","guid":{"rendered":"https:\/\/vohnabrindes.com.br\/?post_type=product&#038;p=6571"},"modified":"2026-03-03T16:28:11","modified_gmt":"2026-03-03T19:28:11","slug":"caderno-de-disco-personalizado","status":"publish","type":"product","link":"https:\/\/vohnabrindes.com.br\/index.php\/product\/caderno-de-disco-personalizado\/","title":{"rendered":"Caderno de Disco Personalizado."},"content":{"rendered":"<pre id=\"item_referencia\">19046<\/pre>\n<p class=\"produto-nome\">Caderno de Disco Personalizado.<\/p>\n<div class=\"caracs\">\n<div class=\"desc\">\n<p class=\"desc-tit\">Descri\u00e7\u00e3o:\u00a0<span class=\"desc-sub my-desc-sub\">Caderno capa dura em papel\u00e3o, com el\u00e1stico para fechamento e encaderna\u00e7\u00e3o em discos pl\u00e1sticos reposicion\u00e1veis, que permitem acrescentar ou remover folhas compat\u00edveis com facilidade. Conta com aproximadamente 80 folhas brancas pautadas.<\/span><\/p>\n<\/div>\n<div class=\"desc\">\n<p class=\"desc-tit\">Largura<span class=\"desc-sub\">\u00a0:\u00a0 19 cm<\/span><\/p>\n<\/div>\n<div class=\"desc\">\n<p class=\"desc-tit\">Espessura<span class=\"desc-sub\">\u00a0:\u00a0 2,4 cm<\/span><\/p>\n<\/div>\n<div class=\"desc\">\n<p class=\"desc-tit\">Comprimento<span class=\"desc-sub\">\u00a0:\u00a0 26 cm<\/span><\/p>\n<\/div>\n<div class=\"desc\">\n<p class=\"desc-tit\">Peso aproximado<span class=\"desc-sub\">\u00a0(g):\u00a0 418<\/span><\/p>\n<\/div>\n<\/div>\n","protected":false},"excerpt":{"rendered":"<p>19046 Caderno de Disco Personalizado. Descri\u00e7\u00e3o:\u00a0Caderno capa dura em papel\u00e3o, com el\u00e1stico para fechamento e encaderna\u00e7\u00e3o em discos pl\u00e1sticos reposicion\u00e1veis, que permitem acrescentar ou remover folhas<span class=\"excerpt-hellip\"> [\u2026]<\/span><\/p>\n","protected":false},"featured_media":6599,"comment_status":"closed","ping_status":"closed","template":"","meta":[],"product_cat":[146,144],"product_tag":[2479,2480,160],"class_list":["post-6571","product","type-product","status-publish","has-post-thumbnail","hentry","product_cat-blocos-e-cadernetas","product_cat-cadernos-e-pastas","product_tag-caderno-de-disco","product_tag-caderno-de-disco-personalizado","product_tag-caderno-personalizado"],"_links":{"self":[{"href":"https:\/\/vohnabrindes.com.br\/index.php\/wp-json\/wp\/v2\/product\/6571","targetHints":{"allow":["GET"]}}],"collection":[{"href":"https:\/\/vohnabrindes.com.br\/index.php\/wp-json\/wp\/v2\/product"}],"about":[{"href":"https:\/\/vohnabrindes.com.br\/index.php\/wp-json\/wp\/v2\/types\/product"}],"replies":[{"embeddable":true,"href":"https:\/\/vohnabrindes.com.br\/index.php\/wp-json\/wp\/v2\/comments?post=6571"}],"version-history":[{"count":1,"href":"https:\/\/vohnabrindes.com.br\/index.php\/wp-json\/wp\/v2\/product\/6571\/revisions"}],"predecessor-version":[{"id":6600,"href":"https:\/\/vohnabrindes.com.br\/index.php\/wp-json\/wp\/v2\/product\/6571\/revisions\/6600"}],"wp:featuredmedia":[{"embeddable":true,"href":"https:\/\/vohnabrindes.com.br\/index.php\/wp-json\/wp\/v2\/media\/6599"}],"wp:attachment":[{"href":"https:\/\/vohnabrindes.com.br\/index.php\/wp-json\/wp\/v2\/media?parent=6571"}],"wp:term":[{"taxonomy":"product_cat","embeddable":true,"href":"https:\/\/vohnabrindes.com.br\/index.php\/wp-json\/wp\/v2\/product_cat?post=6571"},{"taxonomy":"product_tag","embeddable":true,"href":"https:\/\/vohnabrindes.com.br\/index.php\/wp-json\/wp\/v2\/product_tag?post=6571"}],"curies":[{"name":"wp","href":"https:\/\/api.w.org\/{rel}","templated":true}]}}