{"id":6578,"date":"2026-03-03T16:27:58","date_gmt":"2026-03-03T19:27:58","guid":{"rendered":"https:\/\/vohnabrindes.com.br\/?post_type=product&#038;p=6578"},"modified":"2026-03-03T16:28:31","modified_gmt":"2026-03-03T19:28:31","slug":"chapeu-bucket-personalizado-2","status":"publish","type":"product","link":"https:\/\/vohnabrindes.com.br\/index.php\/product\/chapeu-bucket-personalizado-2\/","title":{"rendered":"Chap\u00e9u bucket personalizado."},"content":{"rendered":"<div class=\"ref\">99167-MASON. P<\/div>\n<div>Chap\u00e9u bucket personalizado.<\/div>\n<div class=\"texto\">Panam\u00e1 em poli\u00e9ster 100% reciclado, repelente \u00e0 \u00e1gua.<\/div>\n<div class=\"texto\">Confort\u00e1vel, leve e pr\u00e1tico para o dia a dia, fa\u00e7a chuva ou sol. \u00f859 mm<\/div>\n","protected":false},"excerpt":{"rendered":"<p>99167-MASON. P Chap\u00e9u bucket personalizado. Panam\u00e1 em poli\u00e9ster 100% reciclado, repelente \u00e0 \u00e1gua. Confort\u00e1vel, leve e pr\u00e1tico para o dia a dia, fa\u00e7a chuva ou sol.<span class=\"excerpt-hellip\"> [\u2026]<\/span><\/p>\n","protected":false},"featured_media":6614,"comment_status":"closed","ping_status":"closed","template":"","meta":[],"product_cat":[350,510],"product_tag":[655,2490,2491,1271],"class_list":["post-6578","product","type-product","status-publish","has-post-thumbnail","hentry","product_cat-fitness-e-lazer","product_cat-linha-sol-e-chuva","product_tag-brindes-verao","product_tag-chapeu-bucket-personalizado","product_tag-chapeu-impermeavel-personalizado","product_tag-chapeu-personalizado"],"_links":{"self":[{"href":"https:\/\/vohnabrindes.com.br\/index.php\/wp-json\/wp\/v2\/product\/6578","targetHints":{"allow":["GET"]}}],"collection":[{"href":"https:\/\/vohnabrindes.com.br\/index.php\/wp-json\/wp\/v2\/product"}],"about":[{"href":"https:\/\/vohnabrindes.com.br\/index.php\/wp-json\/wp\/v2\/types\/product"}],"replies":[{"embeddable":true,"href":"https:\/\/vohnabrindes.com.br\/index.php\/wp-json\/wp\/v2\/comments?post=6578"}],"version-history":[{"count":1,"href":"https:\/\/vohnabrindes.com.br\/index.php\/wp-json\/wp\/v2\/product\/6578\/revisions"}],"predecessor-version":[{"id":6615,"href":"https:\/\/vohnabrindes.com.br\/index.php\/wp-json\/wp\/v2\/product\/6578\/revisions\/6615"}],"wp:featuredmedia":[{"embeddable":true,"href":"https:\/\/vohnabrindes.com.br\/index.php\/wp-json\/wp\/v2\/media\/6614"}],"wp:attachment":[{"href":"https:\/\/vohnabrindes.com.br\/index.php\/wp-json\/wp\/v2\/media?parent=6578"}],"wp:term":[{"taxonomy":"product_cat","embeddable":true,"href":"https:\/\/vohnabrindes.com.br\/index.php\/wp-json\/wp\/v2\/product_cat?post=6578"},{"taxonomy":"product_tag","embeddable":true,"href":"https:\/\/vohnabrindes.com.br\/index.php\/wp-json\/wp\/v2\/product_tag?post=6578"}],"curies":[{"name":"wp","href":"https:\/\/api.w.org\/{rel}","templated":true}]}}