{"id":6579,"date":"2026-03-03T16:27:58","date_gmt":"2026-03-03T19:27:58","guid":{"rendered":"https:\/\/vohnabrindes.com.br\/?post_type=product&#038;p=6579"},"modified":"2026-03-03T16:28:33","modified_gmt":"2026-03-03T19:28:33","slug":"oculos-de-sol-personalizada","status":"publish","type":"product","link":"https:\/\/vohnabrindes.com.br\/index.php\/product\/oculos-de-sol-personalizada\/","title":{"rendered":"\u00d3culos de sol Personalizada."},"content":{"rendered":"<div class=\"ref\">98319-MEKONG.<\/div>\n<div><\/div>\n<div class=\"ref\">\u00d3culos de sol em PC com arma\u00e7\u00e3o transl\u00facida Personalizada.<\/div>\n<div><\/div>\n<div class=\"texto\">\u00d3culos de sol em PC com arma\u00e7\u00e3o transl\u00facida, lentes espelhadas de categoria 3 e UV400 de prote\u00e7\u00e3o. Em conformidade com as normas EN ISO 12312-1. 146 x 49 x 150 mm<\/div>\n","protected":false},"excerpt":{"rendered":"<p>98319-MEKONG. \u00d3culos de sol em PC com arma\u00e7\u00e3o transl\u00facida Personalizada. \u00d3culos de sol em PC com arma\u00e7\u00e3o transl\u00facida, lentes espelhadas de categoria 3 e UV400 de<span class=\"excerpt-hellip\"> [\u2026]<\/span><\/p>\n","protected":false},"featured_media":6616,"comment_status":"closed","ping_status":"closed","template":"","meta":[],"product_cat":[510],"product_tag":[655,2492,2493],"class_list":["post-6579","product","type-product","status-publish","has-post-thumbnail","hentry","product_cat-linha-sol-e-chuva","product_tag-brindes-verao","product_tag-oculos-de-sol-em-pc-com-armacao-translucida-personalizada","product_tag-oculos-de-sol-personalizada"],"_links":{"self":[{"href":"https:\/\/vohnabrindes.com.br\/index.php\/wp-json\/wp\/v2\/product\/6579","targetHints":{"allow":["GET"]}}],"collection":[{"href":"https:\/\/vohnabrindes.com.br\/index.php\/wp-json\/wp\/v2\/product"}],"about":[{"href":"https:\/\/vohnabrindes.com.br\/index.php\/wp-json\/wp\/v2\/types\/product"}],"replies":[{"embeddable":true,"href":"https:\/\/vohnabrindes.com.br\/index.php\/wp-json\/wp\/v2\/comments?post=6579"}],"version-history":[{"count":1,"href":"https:\/\/vohnabrindes.com.br\/index.php\/wp-json\/wp\/v2\/product\/6579\/revisions"}],"predecessor-version":[{"id":6617,"href":"https:\/\/vohnabrindes.com.br\/index.php\/wp-json\/wp\/v2\/product\/6579\/revisions\/6617"}],"wp:featuredmedia":[{"embeddable":true,"href":"https:\/\/vohnabrindes.com.br\/index.php\/wp-json\/wp\/v2\/media\/6616"}],"wp:attachment":[{"href":"https:\/\/vohnabrindes.com.br\/index.php\/wp-json\/wp\/v2\/media?parent=6579"}],"wp:term":[{"taxonomy":"product_cat","embeddable":true,"href":"https:\/\/vohnabrindes.com.br\/index.php\/wp-json\/wp\/v2\/product_cat?post=6579"},{"taxonomy":"product_tag","embeddable":true,"href":"https:\/\/vohnabrindes.com.br\/index.php\/wp-json\/wp\/v2\/product_tag?post=6579"}],"curies":[{"name":"wp","href":"https:\/\/api.w.org\/{rel}","templated":true}]}}