{"id":6589,"date":"2026-03-03T16:27:59","date_gmt":"2026-03-03T19:27:59","guid":{"rendered":"https:\/\/vohnabrindes.com.br\/?post_type=product&#038;p=6589"},"modified":"2026-03-03T16:28:57","modified_gmt":"2026-03-03T19:28:57","slug":"caneta-plastica-com-marca-texto-personalizadas","status":"publish","type":"product","link":"https:\/\/vohnabrindes.com.br\/index.php\/product\/caneta-plastica-com-marca-texto-personalizadas\/","title":{"rendered":"Caneta Pl\u00e1stica com Marca-Texto Personalizadas."},"content":{"rendered":"<pre id=\"item_referencia\">09112<\/pre>\n<p class=\"produto-nome\">Caneta Pl\u00e1stica com Marca-Texto Personalizadas.<\/p>\n<div class=\"caracs\">\n<div class=\"desc\">\n<p class=\"desc-tit\">Descri\u00e7\u00e3o:\u00a0<span class=\"desc-sub my-desc-sub\">Caneta pl\u00e1stica com marca-texto e tampa protetora localizados no topo. Possui clip e ponteira em metal, acionamento por rota\u00e7\u00e3o e ponta esferogr\u00e1fica azul de 1.0mm.<\/span><\/p>\n<\/div>\n<div class=\"desc\">\n<p class=\"desc-tit\">Altura<span class=\"desc-sub\">\u00a0:\u00a0 14,2 cm<\/span><\/p>\n<\/div>\n<div class=\"desc\">\n<p class=\"desc-tit\">Largura<span class=\"desc-sub\">\u00a0:\u00a0 1,6 cm<\/span><\/p>\n<\/div>\n<div class=\"desc\">\n<p class=\"desc-tit\">Medidas aproximadas para grava\u00e7\u00e3o<span class=\"desc-sub\">\u00a0(CxL):\u00a0 1 cm x 6 cm<\/span><\/p>\n<\/div>\n<div class=\"desc\">\n<p class=\"desc-tit\">Peso aproximado<span class=\"desc-sub\">\u00a0(g):\u00a0 12<\/span><\/p>\n<\/div>\n<\/div>\n","protected":false},"excerpt":{"rendered":"<p>09112 Caneta Pl\u00e1stica com Marca-Texto Personalizadas. Descri\u00e7\u00e3o:\u00a0Caneta pl\u00e1stica com marca-texto e tampa protetora localizados no topo. Possui clip e ponteira em metal, acionamento por rota\u00e7\u00e3o e<span class=\"excerpt-hellip\"> [\u2026]<\/span><\/p>\n","protected":false},"featured_media":6637,"comment_status":"closed","ping_status":"closed","template":"","meta":[],"product_cat":[636,220],"product_tag":[648,766,2506],"class_list":["post-6589","product","type-product","status-publish","has-post-thumbnail","hentry","product_cat-caneta-marca-texto","product_cat-canetas-plasticas","product_tag-caneta-marca-texto-personalizada","product_tag-caneta-multifuncoes-personalizada","product_tag-caneta-plastica-com-marca-texto-personalizadas"],"_links":{"self":[{"href":"https:\/\/vohnabrindes.com.br\/index.php\/wp-json\/wp\/v2\/product\/6589","targetHints":{"allow":["GET"]}}],"collection":[{"href":"https:\/\/vohnabrindes.com.br\/index.php\/wp-json\/wp\/v2\/product"}],"about":[{"href":"https:\/\/vohnabrindes.com.br\/index.php\/wp-json\/wp\/v2\/types\/product"}],"replies":[{"embeddable":true,"href":"https:\/\/vohnabrindes.com.br\/index.php\/wp-json\/wp\/v2\/comments?post=6589"}],"version-history":[{"count":1,"href":"https:\/\/vohnabrindes.com.br\/index.php\/wp-json\/wp\/v2\/product\/6589\/revisions"}],"predecessor-version":[{"id":6638,"href":"https:\/\/vohnabrindes.com.br\/index.php\/wp-json\/wp\/v2\/product\/6589\/revisions\/6638"}],"wp:featuredmedia":[{"embeddable":true,"href":"https:\/\/vohnabrindes.com.br\/index.php\/wp-json\/wp\/v2\/media\/6637"}],"wp:attachment":[{"href":"https:\/\/vohnabrindes.com.br\/index.php\/wp-json\/wp\/v2\/media?parent=6589"}],"wp:term":[{"taxonomy":"product_cat","embeddable":true,"href":"https:\/\/vohnabrindes.com.br\/index.php\/wp-json\/wp\/v2\/product_cat?post=6589"},{"taxonomy":"product_tag","embeddable":true,"href":"https:\/\/vohnabrindes.com.br\/index.php\/wp-json\/wp\/v2\/product_tag?post=6589"}],"curies":[{"name":"wp","href":"https:\/\/api.w.org\/{rel}","templated":true}]}}