{"id":6866,"date":"2026-08-21T14:17:08","date_gmt":"2026-08-21T17:17:08","guid":{"rendered":"https:\/\/vohnabrindes.com.br\/?post_type=product&#038;p=6866"},"modified":"2026-08-21T14:17:24","modified_gmt":"2026-08-21T17:17:24","slug":"necessaire-personalizada-15","status":"publish","type":"product","link":"https:\/\/vohnabrindes.com.br\/index.php\/product\/necessaire-personalizada-15\/","title":{"rendered":"N\u00e9cessaire Personalizada."},"content":{"rendered":"<h6 id=\"item_referencia\">19203<\/h6>\n<p class=\"produto-nome\">N\u00e9cessaire Personlizada.<\/p>\n<div class=\"caracs\">\n<div class=\"desc\">\n<p class=\"desc-tit\"><span class=\"desc-sub my-desc-sub\">Confeccionada\u00a0 em poliuretano (PU) imperme\u00e1vel com al\u00e7a lateral em nylon e fechamento em z\u00edper. Possui compartimento principal com bolso de z\u00edper e visor em PVC para itens \u00famidos, al\u00e9m de quatro divis\u00f3rias el\u00e1sticas. Apresenta compartimento frontal com fechamento em z\u00edper e plaquinha personaliz\u00e1vel fixa em couro sint\u00e9tico obtido a partir de PU.<\/span><\/p>\n<\/div>\n<div class=\"desc\">\n<p class=\"desc-tit\">Altura<span class=\"desc-sub\">\u00a0:\u00a0 17,5 cm<\/span><\/p>\n<\/div>\n<div class=\"desc\">\n<p class=\"desc-tit\">Largura<span class=\"desc-sub\">\u00a0:\u00a0 25 cm<\/span><\/p>\n<\/div>\n<div class=\"desc\">\n<p class=\"desc-tit\">Profundidade<span class=\"desc-sub\">\u00a0:\u00a0 8,5 cm<\/span><\/p>\n<\/div>\n<div class=\"desc\">\n<p class=\"desc-tit\">Comprimento<span class=\"desc-sub\">\u00a0:\u00a0 al\u00e7a: 21 cm<\/span><\/p>\n<\/div>\n<div class=\"desc\">\n<p class=\"desc-tit\">Medidas aproximadas para grava\u00e7\u00e3o<span class=\"desc-sub\">\u00a0(CxL):\u00a0 1,5 cm x 4,5 cm (plaquinha) &#8211; 5,5 cm x 22 cm (parte frontal acima da plaquinha)<\/span><\/p>\n<\/div>\n<div class=\"desc\">\n<p class=\"desc-tit\">Peso aproximado<span class=\"desc-sub\">\u00a0(g):\u00a0 146<\/span><\/p>\n<\/div>\n<\/div>\n","protected":false},"excerpt":{"rendered":"<p>19203 N\u00e9cessaire Personlizada. Confeccionada\u00a0 em poliuretano (PU) imperme\u00e1vel com al\u00e7a lateral em nylon e fechamento em z\u00edper. Possui compartimento principal com bolso de z\u00edper e visor<span class=\"excerpt-hellip\"> [\u2026]<\/span><\/p>\n","protected":false},"featured_media":6877,"comment_status":"closed","ping_status":"closed","template":"","meta":[],"product_cat":[783],"product_tag":[786,2593],"class_list":["post-6866","product","type-product","status-publish","has-post-thumbnail","hentry","product_cat-necessaires","product_tag-necessaire-personalizada","product_tag-necessaire-personlizada"],"_links":{"self":[{"href":"https:\/\/vohnabrindes.com.br\/index.php\/wp-json\/wp\/v2\/product\/6866","targetHints":{"allow":["GET"]}}],"collection":[{"href":"https:\/\/vohnabrindes.com.br\/index.php\/wp-json\/wp\/v2\/product"}],"about":[{"href":"https:\/\/vohnabrindes.com.br\/index.php\/wp-json\/wp\/v2\/types\/product"}],"replies":[{"embeddable":true,"href":"https:\/\/vohnabrindes.com.br\/index.php\/wp-json\/wp\/v2\/comments?post=6866"}],"version-history":[{"count":1,"href":"https:\/\/vohnabrindes.com.br\/index.php\/wp-json\/wp\/v2\/product\/6866\/revisions"}],"predecessor-version":[{"id":6878,"href":"https:\/\/vohnabrindes.com.br\/index.php\/wp-json\/wp\/v2\/product\/6866\/revisions\/6878"}],"wp:featuredmedia":[{"embeddable":true,"href":"https:\/\/vohnabrindes.com.br\/index.php\/wp-json\/wp\/v2\/media\/6877"}],"wp:attachment":[{"href":"https:\/\/vohnabrindes.com.br\/index.php\/wp-json\/wp\/v2\/media?parent=6866"}],"wp:term":[{"taxonomy":"product_cat","embeddable":true,"href":"https:\/\/vohnabrindes.com.br\/index.php\/wp-json\/wp\/v2\/product_cat?post=6866"},{"taxonomy":"product_tag","embeddable":true,"href":"https:\/\/vohnabrindes.com.br\/index.php\/wp-json\/wp\/v2\/product_tag?post=6866"}],"curies":[{"name":"wp","href":"https:\/\/api.w.org\/{rel}","templated":true}]}}

Nécessaire Personalizada.

<h6 id="item_referencia">19203</h6>
<p class="produto-nome">Nécessaire Personlizada.</p>
<div class="caracs">
<div class="desc">
<p class="desc-tit"><span class="desc-sub my-desc-sub">Confeccionada  em poliuretano (PU) impermeável com alça lateral em nylon e fechamento em zíper. Possui compartimento principal com bolso de zíper e visor em PVC para itens úmidos, além de quatro divisórias elásticas. Apresenta compartimento frontal com fechamento em zíper e plaquinha personalizável fixa em couro sintético obtido a partir de PU.</span></p>
</div>
<div class="desc">
<p class="desc-tit">Altura<span class="desc-sub"> :  17,5 cm</span></p>
</div>
<div class="desc">
<p class="desc-tit">Largura<span class="desc-sub"> :  25 cm</span></p>
</div>
<div class="desc">
<p class="desc-tit">Profundidade<span class="desc-sub"> :  8,5 cm</span></p>
</div>
<div class="desc">
<p class="desc-tit">Comprimento<span class="desc-sub"> :  alça: 21 cm</span></p>
</div>
<div class="desc">
<p class="desc-tit">Medidas aproximadas para gravação<span class="desc-sub"> (CxL):  1,5 cm x 4,5 cm (plaquinha) &#8211; 5,5 cm x 22 cm (parte frontal acima da plaquinha)</span></p>
</div>
<div class="desc">
<p class="desc-tit">Peso aproximado<span class="desc-sub"> (g):  146</span></p>
</div>
</div>

<p>19203 Nécessaire Personlizada. Confeccionada  em poliuretano (PU) impermeável com alça lateral em nylon e fechamento em zíper. Possui compartimento principal com bolso de zíper e visor<span class="excerpt-hellip"> […]</span></p>
