{"id":6903,"date":"2026-08-29T23:52:51","date_gmt":"2026-08-30T02:52:51","guid":{"rendered":"https:\/\/vohnabrindes.com.br\/?post_type=product&#038;p=6903"},"modified":"2026-08-29T23:53:08","modified_gmt":"2026-08-30T02:53:08","slug":"guarda-chuva-colorido-para-crianca-personalizado","status":"publish","type":"product","link":"https:\/\/vohnabrindes.com.br\/index.php\/product\/guarda-chuva-colorido-para-crianca-personalizado\/","title":{"rendered":"Guarda-chuva colorido para crian\u00e7a Personalizado."},"content":{"rendered":"<div class=\"ref\">99168-OLIVIA.<\/div>\n<div><\/div>\n<div><\/div>\n<div class=\"ref\">Guarda-chuva colorido para crian\u00e7a de 19&#8243; em poli\u00e9ster 190T Personalizado.<\/div>\n<div class=\"texto\">Guarda-chuva colorido para crian\u00e7a de 19&#8243; em poli\u00e9ster 190T com varetas e arma\u00e7\u00e3o em fibra de vidro e haste em metal. O guarda-chuva tem abertura manual e \u00e9 \u00e0 prova de vento. \u00f8745 x 655 mm<\/div>\n","protected":false},"excerpt":{"rendered":"<p>99168-OLIVIA. Guarda-chuva colorido para crian\u00e7a de 19&#8243; em poli\u00e9ster 190T Personalizado. Guarda-chuva colorido para crian\u00e7a de 19&#8243; em poli\u00e9ster 190T com varetas e arma\u00e7\u00e3o em fibra<span class=\"excerpt-hellip\"> [\u2026]<\/span><\/p>\n","protected":false},"featured_media":6934,"comment_status":"closed","ping_status":"closed","template":"","meta":[],"product_cat":[395,510],"product_tag":[2604,2605,2606,865],"class_list":["post-6903","product","type-product","status-publish","has-post-thumbnail","hentry","product_cat-kids-e-escolar","product_cat-linha-sol-e-chuva","product_tag-guarda-chuva-colorido-para-crianca-de-19-em-poliester-190t-personalizado","product_tag-guarda-chuva-colorido-para-crianca-personalizado","product_tag-guarda-chuva-colorido-personalizado","product_tag-guarda-chuva-infantil-personalizado"],"_links":{"self":[{"href":"https:\/\/vohnabrindes.com.br\/index.php\/wp-json\/wp\/v2\/product\/6903","targetHints":{"allow":["GET"]}}],"collection":[{"href":"https:\/\/vohnabrindes.com.br\/index.php\/wp-json\/wp\/v2\/product"}],"about":[{"href":"https:\/\/vohnabrindes.com.br\/index.php\/wp-json\/wp\/v2\/types\/product"}],"replies":[{"embeddable":true,"href":"https:\/\/vohnabrindes.com.br\/index.php\/wp-json\/wp\/v2\/comments?post=6903"}],"version-history":[{"count":1,"href":"https:\/\/vohnabrindes.com.br\/index.php\/wp-json\/wp\/v2\/product\/6903\/revisions"}],"predecessor-version":[{"id":6935,"href":"https:\/\/vohnabrindes.com.br\/index.php\/wp-json\/wp\/v2\/product\/6903\/revisions\/6935"}],"wp:featuredmedia":[{"embeddable":true,"href":"https:\/\/vohnabrindes.com.br\/index.php\/wp-json\/wp\/v2\/media\/6934"}],"wp:attachment":[{"href":"https:\/\/vohnabrindes.com.br\/index.php\/wp-json\/wp\/v2\/media?parent=6903"}],"wp:term":[{"taxonomy":"product_cat","embeddable":true,"href":"https:\/\/vohnabrindes.com.br\/index.php\/wp-json\/wp\/v2\/product_cat?post=6903"},{"taxonomy":"product_tag","embeddable":true,"href":"https:\/\/vohnabrindes.com.br\/index.php\/wp-json\/wp\/v2\/product_tag?post=6903"}],"curies":[{"name":"wp","href":"https:\/\/api.w.org\/{rel}","templated":true}]}}

Guarda-chuva colorido para criança Personalizado.

<div class="ref">99168-OLIVIA.</div>
<div></div>
<div></div>
<div class="ref">Guarda-chuva colorido para criança de 19&#8243; em poliéster 190T Personalizado.</div>
<div class="texto">Guarda-chuva colorido para criança de 19&#8243; em poliéster 190T com varetas e armação em fibra de vidro e haste em metal. O guarda-chuva tem abertura manual e é à prova de vento. ø745 x 655 mm</div>

<p>99168-OLIVIA. Guarda-chuva colorido para criança de 19&#8243; em poliéster 190T Personalizado. Guarda-chuva colorido para criança de 19&#8243; em poliéster 190T com varetas e armação em fibra<span class="excerpt-hellip"> […]</span></p>
