{"id":6904,"date":"2026-08-29T23:52:51","date_gmt":"2026-08-30T02:52:51","guid":{"rendered":"https:\/\/vohnabrindes.com.br\/?post_type=product&#038;p=6904"},"modified":"2026-08-29T23:53:10","modified_gmt":"2026-08-30T02:53:10","slug":"mini-guarda-chuva-compacto-personalizado","status":"publish","type":"product","link":"https:\/\/vohnabrindes.com.br\/index.php\/product\/mini-guarda-chuva-compacto-personalizado\/","title":{"rendered":"Mini guarda-chuva compacto  personalizado."},"content":{"rendered":"<div class=\"ref\">99174-EMMA.<\/div>\n<div><\/div>\n<div class=\"ref\">Mini guarda-chuva compacto de 19\u201d em pongee 190T personalizado.<\/div>\n<div class=\"texto\">Mini guarda-chuva compacto (19\u201d), ideal para o dia a dia, em pongee 190T, com abertura e fecho manuais e estrutura de 5 sec\u00e7\u00f5es. Possui haste e pontas met\u00e1licas e varetas em fibra de vidro, para uma maior resist\u00eancia e durabilidade, mesmo em condi\u00e7\u00f5es de vento. Fornecido em uma bolsa em EVA para prote\u00e7\u00e3o e f\u00e1cil transporte. \u00f890 \u00d7 170 mm | Bolsa: 185 \u00d7 75 \u00d7 45 mm<\/div>\n","protected":false},"excerpt":{"rendered":"<p>99174-EMMA. Mini guarda-chuva compacto de 19\u201d em pongee 190T personalizado. Mini guarda-chuva compacto (19\u201d), ideal para o dia a dia, em pongee 190T, com abertura e<span class=\"excerpt-hellip\"> [\u2026]<\/span><\/p>\n","protected":false},"featured_media":6936,"comment_status":"closed","ping_status":"closed","template":"","meta":[],"product_cat":[152,510],"product_tag":[864,2607,2608,2609],"class_list":["post-6904","product","type-product","status-publish","has-post-thumbnail","hentry","product_cat-lancamentos","product_cat-linha-sol-e-chuva","product_tag-guarda-chuva-dobravel-personalizado","product_tag-mini-guarda-chuva-compacto-de-19-em-pongee-190t-personalizado","product_tag-mini-guarda-chuva-compacto-personalizado","product_tag-mini-guarda-chuva-mini-personalizado"],"_links":{"self":[{"href":"https:\/\/vohnabrindes.com.br\/index.php\/wp-json\/wp\/v2\/product\/6904","targetHints":{"allow":["GET"]}}],"collection":[{"href":"https:\/\/vohnabrindes.com.br\/index.php\/wp-json\/wp\/v2\/product"}],"about":[{"href":"https:\/\/vohnabrindes.com.br\/index.php\/wp-json\/wp\/v2\/types\/product"}],"replies":[{"embeddable":true,"href":"https:\/\/vohnabrindes.com.br\/index.php\/wp-json\/wp\/v2\/comments?post=6904"}],"version-history":[{"count":1,"href":"https:\/\/vohnabrindes.com.br\/index.php\/wp-json\/wp\/v2\/product\/6904\/revisions"}],"predecessor-version":[{"id":6937,"href":"https:\/\/vohnabrindes.com.br\/index.php\/wp-json\/wp\/v2\/product\/6904\/revisions\/6937"}],"wp:featuredmedia":[{"embeddable":true,"href":"https:\/\/vohnabrindes.com.br\/index.php\/wp-json\/wp\/v2\/media\/6936"}],"wp:attachment":[{"href":"https:\/\/vohnabrindes.com.br\/index.php\/wp-json\/wp\/v2\/media?parent=6904"}],"wp:term":[{"taxonomy":"product_cat","embeddable":true,"href":"https:\/\/vohnabrindes.com.br\/index.php\/wp-json\/wp\/v2\/product_cat?post=6904"},{"taxonomy":"product_tag","embeddable":true,"href":"https:\/\/vohnabrindes.com.br\/index.php\/wp-json\/wp\/v2\/product_tag?post=6904"}],"curies":[{"name":"wp","href":"https:\/\/api.w.org\/{rel}","templated":true}]}}

<div class="ref">99174-EMMA.</div>
<div></div>
<div class="ref">Mini guarda-chuva compacto de 19” em pongee 190T personalizado.</div>
<div class="texto">Mini guarda-chuva compacto (19”), ideal para o dia a dia, em pongee 190T, com abertura e fecho manuais e estrutura de 5 secções. Possui haste e pontas metálicas e varetas em fibra de vidro, para uma maior resistência e durabilidade, mesmo em condições de vento. Fornecido em uma bolsa em EVA para proteção e fácil transporte. ø90 × 170 mm | Bolsa: 185 × 75 × 45 mm</div>
