{"id":6915,"date":"2026-08-29T23:52:52","date_gmt":"2026-08-30T02:52:52","guid":{"rendered":"https:\/\/vohnabrindes.com.br\/?post_type=product&#038;p=6915"},"modified":"2026-08-29T23:53:27","modified_gmt":"2026-08-30T02:53:27","slug":"caderno-com-agenda-personalizada","status":"publish","type":"product","link":"https:\/\/vohnabrindes.com.br\/index.php\/product\/caderno-com-agenda-personalizada\/","title":{"rendered":"caderno com agenda personalizada."},"content":{"rendered":"<div class=\"ref\">93669-HEANEY.<\/div>\n<div class=\"ref\">Caderno Planner \u00e0 base de \u00e1gua com agenda integrada e p\u00e1gina pautadas<\/div>\n<div class=\"texto\">Caderno A5, com capa dura, em PU \u00e0 base de \u00e1gua com agenda integrada, ideal para anotar e organizar o dia a dia com efici\u00eancia.<\/div>\n<div class=\"texto\">O caderno 2 em 1 possui um formato inovador com: 160 p\u00e1ginas pautadas e 32 p\u00e1ginas tipo agenda em papel 100% reciclado.<\/div>\n<div class=\"texto\">Cont\u00e9m suporte para caneta esferogr\u00e1fica (n\u00e3o inclusa), 2 fitas separadoras para cada um dos formatos e el\u00e1stico para fecho do caderno.<\/div>\n<div class=\"texto\">dimens\u00f5es: 145 x 210 mm<\/div>\n","protected":false},"excerpt":{"rendered":"<p>93669-HEANEY. Caderno Planner \u00e0 base de \u00e1gua com agenda integrada e p\u00e1gina pautadas Caderno A5, com capa dura, em PU \u00e0 base de \u00e1gua com agenda<span class=\"excerpt-hellip\"> [\u2026]<\/span><\/p>\n","protected":false},"featured_media":6958,"comment_status":"closed","ping_status":"closed","template":"","meta":[],"product_cat":[151,144],"product_tag":[671,2622,2623,2624],"class_list":["post-6915","product","type-product","status-publish","has-post-thumbnail","hentry","product_cat-agendas-e-planners","product_cat-cadernos-e-pastas","product_tag-agenda-personalizada","product_tag-caderno-com-agenda-personalizada","product_tag-caderno-personalizada","product_tag-planner-personalizada"],"_links":{"self":[{"href":"https:\/\/vohnabrindes.com.br\/index.php\/wp-json\/wp\/v2\/product\/6915","targetHints":{"allow":["GET"]}}],"collection":[{"href":"https:\/\/vohnabrindes.com.br\/index.php\/wp-json\/wp\/v2\/product"}],"about":[{"href":"https:\/\/vohnabrindes.com.br\/index.php\/wp-json\/wp\/v2\/types\/product"}],"replies":[{"embeddable":true,"href":"https:\/\/vohnabrindes.com.br\/index.php\/wp-json\/wp\/v2\/comments?post=6915"}],"version-history":[{"count":1,"href":"https:\/\/vohnabrindes.com.br\/index.php\/wp-json\/wp\/v2\/product\/6915\/revisions"}],"predecessor-version":[{"id":6959,"href":"https:\/\/vohnabrindes.com.br\/index.php\/wp-json\/wp\/v2\/product\/6915\/revisions\/6959"}],"wp:featuredmedia":[{"embeddable":true,"href":"https:\/\/vohnabrindes.com.br\/index.php\/wp-json\/wp\/v2\/media\/6958"}],"wp:attachment":[{"href":"https:\/\/vohnabrindes.com.br\/index.php\/wp-json\/wp\/v2\/media?parent=6915"}],"wp:term":[{"taxonomy":"product_cat","embeddable":true,"href":"https:\/\/vohnabrindes.com.br\/index.php\/wp-json\/wp\/v2\/product_cat?post=6915"},{"taxonomy":"product_tag","embeddable":true,"href":"https:\/\/vohnabrindes.com.br\/index.php\/wp-json\/wp\/v2\/product_tag?post=6915"}],"curies":[{"name":"wp","href":"https:\/\/api.w.org\/{rel}","templated":true}]}}

<div class="ref">93669-HEANEY.</div>
<div class="ref">Caderno Planner à base de água com agenda integrada e página pautadas</div>
<div class="texto">Caderno A5, com capa dura, em PU à base de água com agenda integrada, ideal para anotar e organizar o dia a dia com eficiência.</div>
<div class="texto">O caderno 2 em 1 possui um formato inovador com: 160 páginas pautadas e 32 páginas tipo agenda em papel 100% reciclado.</div>
<div class="texto">Contém suporte para caneta esferográfica (não inclusa), 2 fitas separadoras para cada um dos formatos e elástico para fecho do caderno.</div>
<div class="texto">dimensões: 145 x 210 mm</div>

<p>93669-HEANEY. Caderno Planner à base de água com agenda integrada e página pautadas Caderno A5, com capa dura, em PU à base de água com agenda<span class="excerpt-hellip"> […]</span></p>
